 9*f + 1. Let s(i) = 17*i - 1. Give s(u).
16
Let k(w) be the first derivative of 3*w**2 + 269*w - 6320. What is k(-46)?
-7
Suppose 0 = 7*i - 5*i + 22. Let k(m) = -74*m + 86*m - 2*m**2 - m**2 + 4*m**2 + 10. Give k(i).
-1
Let f(t) be the first derivative of t**3 - 5*t**2/2 - 18*t - 11905. What is f(0)?
-18
Let v(t) = 2*t + 0*t + 8 - 3 + 0. Let r(h) = h**2 - h - 3. Let f be r(3). Suppose -2*x = -o, 8*x + 10 = f*x. Calculate v(o).
-3
Let h(c) be the first derivative of c**4/4 + 17*c**3/3 + c**2 - 9*c - 1966. Determine h(-17).
-43
Suppose 3*k - 3*d + 45 = 0, 0 = -5*k + d - 33 - 42. Let a be (6/k)/(5/(-200)). Let q be (0/(-1))/(a/4). Let y(o) = o**3 + 13. Determine y(q).
13
Let i(x) = x - 4. Let t(f) = f**3 - 4*f**2 - 19*f + 43. Let b be t(2). Let g be -11 + (1/b)/((-18)/324). What is i(g)?
-9
Let v(w) = -94638*w + 94668*w + 6 + 1. What is v(-1)?
-23
Let z(v) = 32*v**3 - 7*v - 6. Let s(h) = 49*h**3 + 3*h**2 - 9*h - 6. Let q(x) = -2*s(x) + 3*z(x). Calculate q(-3).
3
Let w(u) be the second derivative of -u**4/24 - 7*u**3/6 + 107*u**2/2 - 31*u - 3. Let y(f) be the first derivative of w(f). Give y(-11).
4
Let a(g) = -6*g**3 + 18*g + 13*g**2 + 18 - 4*g**2 - 17*g**3 - 21*g**2 + 24*g**3. Give a(10).
-2
Let y(v) = 2*v**3 + 23*v**2 + 34*v + 40. Let g be y(-10). Let h(p) be the second derivative of g - 1/20*p**5 + 5/12*p**4 - 4*p + p**3 - 4*p**2. Calculate h(6).
-8
Let u(x) = 20*x**3 - 23*x**2 + 25*x + 25. Let m(h) = -2*h - 11*h**3 + 4*h**2 - 13 + 2*h**2 + 6*h**2 - 11*h. Let y(w) = -11*m(w) - 6*u(w). Determine y(-7).
-7
Suppose 191 = g + 76. Suppose -3*v + i = -g, 0 = -v - 3*v + 2*i + 150. Suppose -43*o - 3 = -v*o. Let k(x) = 7*x**2 - x - 1. Calculate k(o).
7
Let p = 65 - 62. Suppose 2 = p*r - 1, 5*d + 4*r - 34 = 0. Let v be (-28)/12 - (-8)/d. Let w(g) = 11*g**3 - 2*g**2 - g. What is w(v)?
-12
Let d(n) = -2*n**2 + 9*n + 8. Let f(v) = 2*v**2 - 9*v - 6. Let a(g) = -3*d(g) - 4*f(g). Let j be (8 - -1)*21/((-126)/(-4)). What is a(j)?
-18
Let s(d) = -d**2 - 3*d + 3. Suppose -3*z + 74 = -5*g, 2*z - 3*g - 22 = z. Let y(o) = -o**3 + 27*o**2 + 29*o - 32. Let a be y(z). Calculate s(a).
-1
Let s(r) be the third derivative of r**6/120 - r**5/10 - 23*r**4/24 + 2*r**3/3 + 2*r**2 - 3*r - 36. Determine s(-3).
-8
Let a(f) be the third derivative of 23*f**6/120 - f**5/20 - f**4/24 + 6804*f**2. Determine a(-1).
-25
Let y(b) be the third derivative of -b**9/60480 + b**8/2520 - b**7/2520 + 19*b**5/20 + b**3/6 + 100*b**2. Let q(s) be the third derivative of y(s). Give q(8).
-16
Let a(q) = -2*q**2 - 15*q - 26. Let j(f) = -f**2 - 41*f - 395. Let y be j(-15). Give a(y).
-1
Let r(g) = -g**2 - 8*g - 3. Let d(h) = 20 + 34 + 10 + 51*h + 28 + 55. Let y be d(-3). What is r(y)?
9
Suppose -14*p = -17*p + 63. Suppose -3*d - 9 + p = 0. Suppose d*f + 10 = -2. Let r(g) = -g**3 - 3*g**2 + 3*g - 4. Give r(f).
-13
Let g = -9 - -11. Suppose 0*v - g*v - 8 = 0. Let z(b) = -13*b**3 - 2*b**2 + 5. Let y(d) = -10*d**3 - 3*d**2 - d + 5. Let c(t) = -4*y(t) + 3*z(t). Give c(v).
11
Let n(h) = 32*h + 334. Let k(y) = -10*y - 111. Let g(f) = -11*k(f) - 4*n(f). Calculate g(-5).
-25
Let g(x) = 13*x**2 - 9*x + 1. Let k(i) = i**2 - 3. Let m be k(-2). Let r be g(m). Let o(p) = p - 10. What is o(r)?
-5
Let b(u) = 463*u + 11. Let j(a) = 387*a + 10. Let d(g) = -5*b(g) + 6*j(g). Determine d(4).
33
Let u(a) = 14*a - 3*a**3 - 2367*a**2 + 2*a**3 + 24 + 2*a**3 + 0*a**3 + 2379*a**2. What is u(-11)?
-9
Let d(g) = -g + 2. Suppose 2*y + 3*n - 20 - 2 = 0, 3*n = -12. Suppose -16 = -15*c + y*c. What is d(c)?
10
Let q(f) = -21*f**2 - 6 + 82*f**2 - 67*f**2 + 18*f. Calculate q(5).
-66
Let l(v) = 4*v**2 + 6*v + 4. Let h be l(-1). Let g(y) = 3 - y + h*y**3 - y**2 - 6*y + 3*y - y**3. Calculate g(2).
-1
Suppose -2*b + 2*c = 4*c - 740, b - 3*c - 382 = 0. Suppose 0 = 3*s + 424 - b. Let y(v) = -v**3 - 16*v**2 + 18*v + 22. Calculate y(s).
5
Let x be 12 + 98/(10 - 24). Let c(v) = -8*v + 2. Determine c(x).
-38
Let l = 159 + -169. Let o be l*(-3)/6 + -3. Let v(n) = 4*n**2 - 3*n**3 + n + 4 - 4*n**2 - 2. Give v(o).
-20
Let k(h) = -h**3 + 4*h**2 + 6. Let z(d) = d**2 - 11*d - 7. Let i be z(10). Let r(u) = -3*u**3 + 12*u**2 + u + 17. Let b(g) = i*k(g) + 6*r(g). Calculate b(5).
5
Let s(h) = 5*h + 11. Let z(g) = -9*g - 23. Let o(c) = 11*s(c) + 6*z(c). Let j(y) = -14*y**2 - 56*y + 7. Let v be j(-4). Determine o(v).
-10
Suppose -24 = -3*t - 5*t. Let g(f) = 2*f**2 - 24*f + 25. Let j be g(11). Let l(p) = -18*p**2 - 17*p**2 + 34*p**2 - t*p**j. Give l(-1).
2
Suppose 4*f - 4 = -h, 0 = 11*h - 10*h + 5*f - 5. Let w be h + -3 + 3 + 4 - 4. Let p(y) = 2*y - 6. Give p(w).
-6
Let r(c) be the third derivative of c**5/60 + c**4/12 - 8*c**3 + c**2 + 1717. Give r(-7).
-13
Let g(x) be the first derivative of -x**4/4 - 3*x**3 - 9*x**2/2 - 3*x - 536. Calculate g(-8).
5
Let x(v) = 3*v - 1. Let s(r) = -7*r - 1 + 4*r + 0*r + 4*r. Let t be s(1). Suppose l - 7 = -2*f - 2, -3*f - l + 8 = t. Determine x(f).
8
Suppose 0 = -9*x + 12*x + 681. Let f = 236 + x. Let o(c) = 1 - c**2 - 9*c - 6 + 2*c**2. Determine o(f).
-5
Suppose 99*d = 58*d + 328. Let k(x) = 2*x - 5 + d*x**2 - 27*x**2 + 4*x + 11*x**2 + 7*x**2. Let s be (-1)/(-2) - (-7)/2. Calculate k(s).
3
Let n(a) = -8*a**2 - 2*a + 1. Let i(j) = -9*j**2 - 3*j + 1. Let c(s) = 3*i(s) - 4*n(s). Let o = -117 - -116. Give c(o).
5
Let l(v) = -v**2 + 20*v - 27. Let n = 1390 - 1373. Give l(n).
24
Let g(x) = -6*x**3 - 13*x**2 - 31*x - 1. Let q(f) = 13*f**3 + 32*f**2 + 63*f + 1. Let c(t) = 11*g(t) + 5*q(t). Determine c(15).
54
Let k(i) = -3*i**2 - 12*i + 229. Let w be k(-20). Let g = -734 - w. Let m(q) = 3*q - 3. Give m(g).
-12
Let w(z) = -57*z - 2. Let m(t) = -71*t - 5. Let a(j) = 4*m(j) - 5*w(j). Give a(6).
-4
Let r(a) = 2*a**2 + 4*a + 4. Suppose -3*l + 4*l = -30. Let z = -32 - l. Let p be r(z). Let c(s) = s**2 - 6*s + 3. What is c(p)?
-5
Let i(p) = 2*p**2 + 52*p - 95. Let u(r) = 3*r**2 - 2*r - 2. Let l(k) = i(k) - u(k). Determine l(52).
11
Let q(w) = -19*w + 833. Let j(b) = 13*b - 559. Let g(a) = 8*j(a) + 5*q(a). Give g(34).
-1
Let o = 92 - 87. Suppose 0*j + o*j - 30 = -5*h, h + 4*j - 21 = 0. Let k(x) = 11*x - 2*x - 3*x - 3*x. Determine k(h).
3
Let i(d) = -d**2 + 2*d + 9. Let k be ((-60)/12 - -7) + -5. What is i(k)?
-6
Let a(v) be the third derivative of v**5/60 - v**4/8 - 5*v**3/2 - 473*v**2. Calculate a(9).
39
Let k(u) be the third derivative of 0 + 0*u + 26*u**2 - 1/3*u**3 + 1/24*u**4. Determine k(2).
0
Let t(s) = 110*s - 1320. Suppose 183 - 855 = -97*c + 492. Calculate t(c).
0
Let j(b) = -b**3 - 5*b**2 + b - 4. Let c be j(-5). Let y(f) be the second derivative of -f + 4 - 1/6*f**3 - f**2. Determine y(c).
7
Let d be 3 - (-6)/(-9)*-3. Suppose -k + 15 = -2*v, -d*v + 3*k - 39 = -0*k. Let t(c) = -4874*c + c**2 + 2437*c + 2440*c. Determine t(v).
18
Let f be ((-18)/(-63))/(1/(-7)). Suppose -3*c + 6*c = -3*m + 12, -4*m - 8 = 0. Let z(o) = 2*o**2 + c*o + 20*o + 2 - 25*o - 2*o**3. Determine z(f).
24
Let b(n) = 0*n**2 - n**2 - 29 + 21*n + 2*n**2 + 9 - 11. Give b(-21).
-31
Let z(f) = 2*f**3 + f**2. Let m be (-3 + 3)*3/6. Let c be (m - (1 + 2))*-1. Let j be 1/3 + (-4)/c. Calculate z(j).
-1
Let h(t) be the second derivative of t**3/3 + 5*t**2 - 324*t. Calculate h(-15).
-20
Suppose -33 = -5*y - 3*v + 2, 3*y - 21 = -v. Suppose 0 = y*b - 6*b - 7. Let i(s) = -s**3 + 6*s**2 + 8*s. Determine i(b).
7
Let q(n) = -13*n**2 + 12*n**2 - 67 + n**3 + 70 + n. Give q(-4).
-81
Let j(v) = v**2 + 13*v + 48. Let d be 72/252*(-364)/13. Give j(d).
8
Let a(t) = 16*t**2 + 17*t - 2. Let h(l) = -16*l**2 - 20*l + 2. Let x(k) = 7*a(k) + 6*h(k). Let g be 4 + 143/(-33) + 2/(-3). What is x(g)?
15
Let f(b) be the third derivative of -b**4/12 - 2*b**3/3 + 2*b**2. Suppose -d + 22 + 98 = -2*h, -50 = h + 2*d. Let x = h - -52. Determine f(x).
8
Let u = 601 - 603. Let q(n) = n. Let p(j) = 1. Let m(c) = 2*p(c) - 3*q(c). Calculate m(u).
8
Let o(s) = 3*s + 34. Suppose -w - 2*r - 323 = -4*w, 0 = 4*r - 8. Suppose 18*f = -w - 143. Determine o(f).
-8
Suppose -4*k = -k + 15. Let h be 3*(40/(-12))/k. Let x(u) be the first derivative of u**3/3 - 2*u - 267. Calculate x(h).
2
Let i(v) = -v**2 + 30*v - 68. Let u = 10249 - 10221. Calculate i(u).
-12
Suppose 3*p - 53 = -4*u, 15 = 23*p - 18*p. Let r(k) = k**2 - 6*k - 24. Give r(u).
31
Let o(v) = -7*v**2 + v. Let d be o(1). Let y be (-357)/(-12) + 25/2